{"id":571,"date":"2015-06-18T16:43:07","date_gmt":"2015-06-18T14:43:07","guid":{"rendered":"http:\/\/5.99.81.228\/?page_id=571"},"modified":"2015-06-18T16:43:07","modified_gmt":"2015-06-18T14:43:07","slug":"avviso-di-selezione-pubblica-per-titoli-e-colloquio-per-lassunzione-del-direttore-tecnico-e-di-esercizio-presso-salerno-mobilita-spa","status":"publish","type":"page","link":"https:\/\/www.salernomobilita.it\/index.php\/amministrazione-trasparente\/avviso-di-selezione-pubblica-per-titoli-e-colloquio-per-lassunzione-del-direttore-tecnico-e-di-esercizio-presso-salerno-mobilita-spa\/","title":{"rendered":"Avvisi di selezione pubblica"},"content":{"rendered":"<h1 class=\"entry-title\"><a href=\"https:\/\/www.salernomobilita.it\/index.php\/2015\/09\/22\/selezione-personale-interinale-per-supporto-nei-weekend-di-luci-dartista-2\/\">Selezione personale interinale per supporto nei weekend di Luci d\u2019Artista a cura di Tempor S.p.a.<\/a><\/h1>\n<p>Per far fronte ai maggiori impegni organizzativi necessari alla gestione della mobilit\u00e0 \u00a0durante l\u2019evento \u201cLuci \u2018Artista\u201d, periodo nel quale la citt\u00e0 di Salerno sar\u00e0 interessata da un notevolissimo afflusso di visitatori, la Societ\u00e0 Salerno Mobilit\u00e0 S.p.a., in ausilio al suo personale, intende utilizzare Lavoratori Interinali con impiego part time. La selezione sar\u00e0 effettuata dalla Societ\u00e0 <strong>Tempor S.p.a.<\/strong><\/p>\n<p>L&#8217;Avviso di Selezione \u00e8 pubblicato dal 22.09.15 al 06.10.15, termine ultimo di presentazione della domanda.<br \/>\nPer le modalit\u00e0 e altre informazioni sulla selezione \u00e8 attivo il link<br \/>\n<a href=\"http:\/\/www.tempor.it\/index.php\/news\/primo-piano\/282-assistente-alla-mobilita\">http:\/\/www.tempor.it\/index.php\/news\/primo-piano\/282-assistente-alla-mobilita<\/a><\/p>\n<p>&nbsp;<\/p>\n<hr \/>\n<h1><\/h1>\n<h1>Avviso di selezione pubblica, per titoli e colloquio, per l&#8217;assunzione del <strong>Direttore Tecnico e di Esercizio<\/strong> presso Salerno Mobilit\u00e0 SpA.<\/h1>\n<div>\n<p>Pubblicazione sul sito istituzionale dal giorno 16.03.15 al 03.04.15.<\/p>\n<\/div>\n<div>\n<p>Scadenza presentazione domande ore 12.00 03.04.15.<\/p>\n<\/div>\n<p>&gt;\u00a0<a href=\"http:\/\/5.99.81.228\/pdf\/selezionepubblica\/AvvisoSelezionePubblica14_03_15.pdf\">Scarica il documento informativo<\/a><\/p>\n<p>&gt;\u00a0<a href=\"http:\/\/5.99.81.228\/pdf\/selezionepubblica\/DOMANDA AVVISO DI SELEZIONE PUBBLICA.pdf\">Scarica la domanda<\/a><\/p>\n<p>&gt; <a href=\"http:\/\/5.99.81.228\/pdf\/selezionepubblica\/selezione pubblica-28052015111157.pdf\">Esito di procedura di selezione<\/a><\/p>\n<p>&nbsp;<\/p>\n<p>&nbsp;<\/p>\n<p><a href=\"http:\/\/5.99.81.228\/index.php\/amministrazione-trasparente\/\">&lt;- Torna ad Amministrazione Trasparente<\/a><\/p>\n","protected":false},"excerpt":{"rendered":"<p>Selezione personale interinale per supporto nei weekend di Luci d\u2019Artista a cura di Tempor S.<\/p>\n","protected":false},"author":5,"featured_media":0,"parent":50,"menu_order":0,"comment_status":"closed","ping_status":"open","template":"","meta":{"footnotes":""},"tags":[],"_links":{"self":[{"href":"https:\/\/www.salernomobilita.it\/index.php\/wp-json\/wp\/v2\/pages\/571"}],"collection":[{"href":"https:\/\/www.salernomobilita.it\/index.php\/wp-json\/wp\/v2\/pages"}],"about":[{"href":"https:\/\/www.salernomobilita.it\/index.php\/wp-json\/wp\/v2\/types\/page"}],"author":[{"embeddable":true,"href":"https:\/\/www.salernomobilita.it\/index.php\/wp-json\/wp\/v2\/users\/5"}],"replies":[{"embeddable":true,"href":"https:\/\/www.salernomobilita.it\/index.php\/wp-json\/wp\/v2\/comments?post=571"}],"version-history":[{"count":0,"href":"https:\/\/www.salernomobilita.it\/index.php\/wp-json\/wp\/v2\/pages\/571\/revisions"}],"up":[{"embeddable":true,"href":"https:\/\/www.salernomobilita.it\/index.php\/wp-json\/wp\/v2\/pages\/50"}],"wp:attachment":[{"href":"https:\/\/www.salernomobilita.it\/index.php\/wp-json\/wp\/v2\/media?parent=571"}],"wp:term":[{"taxonomy":"post_tag","embeddable":true,"href":"https:\/\/www.salernomobilita.it\/index.php\/wp-json\/wp\/v2\/tags?post=571"}],"curies":[{"name":"wp","href":"https:\/\/api.w.org\/{rel}","templated":true}]}}