{"id":2764,"date":"2019-03-01T09:51:07","date_gmt":"2019-03-01T08:51:07","guid":{"rendered":"https:\/\/www.salernomobilita.it\/?page_id=2764"},"modified":"2025-09-24T10:14:50","modified_gmt":"2025-09-24T08:14:50","slug":"gestione-delle-stazioni-della-metropolitana","status":"publish","type":"page","link":"https:\/\/www.salernomobilita.it\/index.php\/servizi\/gestione-delle-stazioni-della-metropolitana\/","title":{"rendered":"Gestione delle stazioni della metropolitana"},"content":{"rendered":"<p>DOPO ANNI DI IMPEGNO, LAVORI E SACRIFICI \u00c8 ENTRATO IN SERVIZIO IL NUOVO SISTEMA DI TRASPORTO SU FERRO, LA METROPOLITANA CITTADINA, CHE STA RIVOLUZIONANDO GLI STILI DI VITA DI MIGLIAIA DI CITTADINI.<br \/>\nLa rete della metropolitana collega la <strong>Stazione Central<\/strong>e con lo <strong>Stadio Arechi\/San Leonardo (M8)<\/strong> in un percorso di circa 5,7 Km., con 4 fermate intermedie:<\/p>\n<ul>\n<li><strong>M4<\/strong> Via Robertelli \/ Torrione<\/li>\n<li><strong>M5<\/strong> Via R.Cocchia \/ Pastena &#8211; Q. Europa<\/li>\n<li><strong>M6<\/strong> Mercatello \/ Santa Maria a Mare<\/li>\n<li><strong>M7<\/strong> Arbostella \/ Salerno Mare<\/li>\n<li><strong>M8\u00a0<\/strong>Ospedale\/ Stadio Arechi<\/li>\n<\/ul>\n<p><img loading=\"lazy\" decoding=\"async\" class=\"alignnone size-full wp-image-2765\" src=\"https:\/\/www.salernomobilita.it\/wp-content\/uploads\/2019\/03\/metromap.jpg\" alt=\"metromap\" width=\"1000\" height=\"628\" srcset=\"https:\/\/www.salernomobilita.it\/wp-content\/uploads\/2019\/03\/metromap.jpg 1000w, https:\/\/www.salernomobilita.it\/wp-content\/uploads\/2019\/03\/metromap-300x188.jpg 300w, https:\/\/www.salernomobilita.it\/wp-content\/uploads\/2019\/03\/metromap-768x482.jpg 768w\" sizes=\"(max-width: 1000px) 100vw, 1000px\" \/><\/p>\n<p>Verifica gli orari aggiornati sul sito di\u00a0<a href=\"https:\/\/www.trenitalia.com\/it.html\">Trenitalia<\/a>.<\/p>\n<p>Per l\u2019attivazione del servizio metropolitano \u00e8 stato necessario organizzare la guardiania delle stazioni, il presidio giornaliero delle stesse, l\u2019apertura e chiusura, la regolamentazione degli accessi con verifiche e controlli dei parcheggi circostanti, la pulizia ed il decoro, la manutenzione e la messa in esercizio degli ascensori, in quanto di propriet\u00e0 comunale.<br \/>\nPer tali attivit\u00e0 non vi erano, tutte le risorse interne all\u2019Ente Comune e, pertanto, come per altri servizi, si \u00e8 ritenuto di affidare alla societ\u00e0 in house <strong>Salerno Mobilit\u00e0 S.p.a.,<\/strong> che risulta avere tutti i requisiti necessari, le attivit\u00e0 relative alla gestione e manutenzione delle stazioni ferroviarie metropolitane:<\/p>\n<p>In particolare, le attivit\u00e0, riguardano:<\/p>\n<ul>\n<li><strong>Presidio delle Stazioni<\/strong> mediante l\u2019impiego di personale in loco e attraverso sistemi di videosorveglianza e di telecontrollo messi a disposizione dal Comune di Salerno;<\/li>\n<li><strong>Puntuale apertura e chiusura<\/strong> in orari funzionali a quelli del programma delle corse treno;<\/li>\n<li><strong>Attivit\u00e0 di pulizia e manutenzione<\/strong> ordinaria;<\/li>\n<li><strong>Attivazione delle emergenze<\/strong> nel rispetto di protocolli all\u2019uopo stabiliti;<\/li>\n<li><strong>Gestione del regolare funzionamento degli ascensori<\/strong> in servizio pubblico presenti in ogni stazione.<\/li>\n<\/ul>\n<p><img loading=\"lazy\" decoding=\"async\" class=\"alignnone size-full wp-image-2769\" src=\"https:\/\/www.salernomobilita.it\/wp-content\/uploads\/2019\/03\/metromaxok.jpg\" alt=\"metromaxok\" width=\"1000\" height=\"628\" srcset=\"https:\/\/www.salernomobilita.it\/wp-content\/uploads\/2019\/03\/metromaxok.jpg 1000w, https:\/\/www.salernomobilita.it\/wp-content\/uploads\/2019\/03\/metromaxok-300x188.jpg 300w, https:\/\/www.salernomobilita.it\/wp-content\/uploads\/2019\/03\/metromaxok-768x482.jpg 768w\" sizes=\"(max-width: 1000px) 100vw, 1000px\" \/><\/p>\n<p>&nbsp;<\/p>\n<p>&nbsp;<\/p>\n","protected":false},"excerpt":{"rendered":"<p>DOPO ANNI DI IMPEGNO, LAVORI E SACRIFICI \u00c8 ENTRATO IN SERVIZIO IL NUOVO SISTEMA DI TRASPORTO SU FERRO, LA METROPOLITANA CITTADINA, CHE STA RIVOLUZIONANDO GLI STILI DI VITA DI MIGLIAIA DI CITTADINI.<\/p>\n","protected":false},"author":5,"featured_media":0,"parent":42,"menu_order":0,"comment_status":"closed","ping_status":"closed","template":"","meta":{"footnotes":""},"tags":[],"_links":{"self":[{"href":"https:\/\/www.salernomobilita.it\/index.php\/wp-json\/wp\/v2\/pages\/2764"}],"collection":[{"href":"https:\/\/www.salernomobilita.it\/index.php\/wp-json\/wp\/v2\/pages"}],"about":[{"href":"https:\/\/www.salernomobilita.it\/index.php\/wp-json\/wp\/v2\/types\/page"}],"author":[{"embeddable":true,"href":"https:\/\/www.salernomobilita.it\/index.php\/wp-json\/wp\/v2\/users\/5"}],"replies":[{"embeddable":true,"href":"https:\/\/www.salernomobilita.it\/index.php\/wp-json\/wp\/v2\/comments?post=2764"}],"version-history":[{"count":12,"href":"https:\/\/www.salernomobilita.it\/index.php\/wp-json\/wp\/v2\/pages\/2764\/revisions"}],"predecessor-version":[{"id":4101,"href":"https:\/\/www.salernomobilita.it\/index.php\/wp-json\/wp\/v2\/pages\/2764\/revisions\/4101"}],"up":[{"embeddable":true,"href":"https:\/\/www.salernomobilita.it\/index.php\/wp-json\/wp\/v2\/pages\/42"}],"wp:attachment":[{"href":"https:\/\/www.salernomobilita.it\/index.php\/wp-json\/wp\/v2\/media?parent=2764"}],"wp:term":[{"taxonomy":"post_tag","embeddable":true,"href":"https:\/\/www.salernomobilita.it\/index.php\/wp-json\/wp\/v2\/tags?post=2764"}],"curies":[{"name":"wp","href":"https:\/\/api.w.org\/{rel}","templated":true}]}}